 What is the highest common factor of 690 and u?
138
Let s = -28 + 33. Suppose -s*a + 25 + 4 = 2*p, -3*p = -a - 1. What is the greatest common factor of 15 and a?
5
Suppose 0 = 569*d + 174424 - 447544. What is the highest common factor of d and 5?
5
Let w(m) = -4*m**2 + 17*m - 1. Let y be w(4). Suppose 2*c + 4*v - 117 = 7, y*v + 131 = 2*c. Calculate the highest common factor of c and 96.
32
Let f(u) = u**2 - 6*u + 3. Let c be f(-6). Let b = c - 75. Suppose b = -5*j + 3*q + 185, 2*j - 98 = 2*q - 28. Calculate the highest common factor of 10 and j.
10
Let b be (-51130)/(-8) - (11 + (-156)/16). Calculate the highest common factor of 180 and b.
90
Let d(t) = 3*t**2 + 5*t + 3. Let u be ((-45)/10 - -3)/(3/6). Let h be d(u). Let y = 28 - -2. What is the greatest common divisor of y and h?
15
Let o(m) = m**3 - 12*m**2 + 35*m + 10. Let s be o(7). Suppose -s*w + 33*w = 276. Calculate the greatest common factor of w and 22.
2
Let b(q) = -19 + 61 - 7 + q. Let n be b(19). Suppose 7*c = 3*c + 108. Calculate the highest common divisor of n and c.
27
Let d = 70 + -25. Suppose -3*r = -4*r - m + 45, -2*r + 5*m + 118 = 0. Suppose -4*b + 5*o = -40, -4*b + r = -b + o. What is the highest common factor of d and b?
15
Let h(y) = 53*y + 752. Let a be h(-14). What is the greatest common divisor of 2105 and a?
5
Let k(t) = -t + 6. Let g be k(-8). Let q be 1238/g + 2 - (-24)/(-56). Let x be (1 + 26)*4/6. What is the greatest common factor of x and q?
18
Let v be (-424008)/(-48) - 182/28. What is the greatest common divisor of 182 and v?
91
Let c(f) = -f - 11. Let j be c(-8). Let s be ((-162)/(-24))/j*-12. What is the greatest common divisor of s and 81?
27
Suppose -1250*v = -1230*v - 1100. What is the greatest common divisor of v and 341?
11
Let f = -1034 + 1075. Let x = 58 + -17. Let y be x/((-2)/66*-3). What is the greatest common divisor of f and y?
41
Let c be -12 - (-115 + -21 + -2). Calculate the greatest common divisor of 546 and c.
42
Suppose q - 43 = -3. Suppose -q*v + 38*v + 10 = 0. Calculate the greatest common divisor of 35 and v.
5
Let w be (2 - 5)/((-30)/250). Let y be (-5 - 1058/(-184))*280/6. What is the highest common divisor of w and y?
5
Suppose 52 = y - 2*c, -85 = -4*y - 5*c + 149. Let u = 16 + -14. Suppose -5*r + u*r + 420 = 0. Calculate the greatest common divisor of y and r.
28
Let q = 7521 + -7495. Calculate the highest common divisor of 689 and q.
13
Let v be (-43)/(387/2430)*75/(-9). Calculate the greatest common divisor of 90 and v.
90
Let y = 54 + -48. Suppose 15 = -h - 3*d + y*d, 5*d = -3*h + 25. Let b be (10/(-15))/2*(-27 + h). Calculate the greatest common factor of b and 18.
9
Suppose 0 = 13*m - 76*m - 8*m + 3124. Calculate the greatest common factor of 704 and m.
44
Suppose 53204 = -12*h + 295*h. Calculate the highest common divisor of h and 2068.
188
Let i = 33119 + 40339. What is the highest common divisor of 21 and i?
21
Let b = 50 + -50. Suppose b = -4*w + 5*w + 5, -25 = -4*d - 3*w. What is the highest common divisor of d and 8?
2
Let a = 12695 + 11369. What is the highest common divisor of a and 94?
94
Let c be (6 + -10)/((-1)/(-5)). Let t be (-54)/(-8) + (-4 - 85/c). What is the greatest common factor of 28 and t?
7
Suppose -5*w - 3*g = -798, 0 = -4*g + 2*g - 8. Let f = -1844 - -1880. Calculate the greatest common factor of w and f.
18
Let b be (-44 - (-3 + 0)) + -3. Let x be ((-110)/b)/((-1)/(-2)). What is the greatest common factor of x and 35?
5
Suppose 3*k - 154 = -3*y + 200, 0 = -k + y + 122. Suppose -3*l + 5*l - 80 = 0. What is the greatest common factor of l and k?
40
Let m = 4934 + -4713. Calculate the greatest common factor of m and 247.
13
Suppose 2*b = -2*y + 184, y - 4*b - 112 = -0*y. Let n = 209 + -92. Let m = n - -123. Calculate the greatest common factor of y and m.
48
Let i = 54 - 76. Let q = i + 44. Let x(h) = h**2 + 17*h + 44. Let m be x(-3). Calculate the highest common divisor of m and q.
2
Suppose -3*a = -4*x + 1525, x - 23*a + 19*a - 365 = 0. Calculate the highest common divisor of 165 and x.
55
Let p(y) = 794*y + 2441. Let h be p(-3). Calculate the greatest common factor of h and 15045.
59
Let v = -35 + 46. Let x = v + 7. Let j be x/81 + (-536)/(-18). Calculate the greatest common divisor of j and 120.
30
Let c = 2769 - 2194. Suppose -1540 = 6*r - 2*r. Let t = c + r. What is the greatest common factor of t and 38?
38
Suppose 0 = 3*v - 2*y - 46, -6*v = -4*v + 2*y - 44. Suppose v*p - 3485 = p. Calculate the greatest common divisor of 41 and p.
41
Suppose 0 = -3*i + 3*d + 5367, 5*i - 20*d + 16*d - 8941 = 0. Calculate the highest common factor of 1680 and i.
105
Let w(l) = -l**3 + 19*l**2 + 20*l + 7. Suppose 11*v + 1558 - 139 = 0. Let k = -109 - v. Let a be w(k). Calculate the greatest common divisor of a and 49.
7
Let p = -149 - -292. Suppose -4*l + 431 = g, 3*l + 3*g - 429 = -l. Let f = p - l. Calculate the highest common divisor of f and 385.
35
Let b(p) = p**2 - 8*p - 44. Let u be b(12). Let s be 0/(-4) + 3 + 0 + u. Suppose -5*w + 146 + 29 = 0. Calculate the greatest common factor of w and s.
7
Suppose 172*y - 169898 - 56713 = 63*y. What is the highest common factor of 1155 and y?
231
Let h(p) = p**2 - 2*p - 17. Let v be h(-8). Suppose -9*x + v = -8*x. What is the greatest common divisor of x and 567?
63
Let x be (-2 - -12) + -6 + 1/1. Let r(b) = b**2 + 27*b. Let q be r(5). What is the highest common factor of x and q?
5
Let g be (-5 - 2)/(-7 + 0 + 6). Calculate the greatest common factor of 4501 and g.
7
Let r(i) = -4*i**2. Let j be r(2). Let t be (2 - 46)*20/j. Let a be (6/4)/((-3)/(-10)). Calculate the highest common factor of t and a.
5
Let h(f) = -4*f**2 + 1224*f + 6*f**2 - 20 + 4*f**2 - 1234*f. Let v be h(-4). What is the greatest common divisor of 4 and v?
4
Suppose 13*b - 563385 = -53*b - 3*b. Calculate the highest common factor of 23 and b.
23
Suppose -3*q + 20*y = 19*y - 1863, -4*y + 3105 = 5*q. Calculate the greatest common divisor of 46 and q.
23
Let w be (-7 - (-9 + 4))/(((-1)/(-6))/(-1)). What is the highest common divisor of 3246 and w?
6
Let t be -11 - (2 - 0)*(-437)/46. Calculate the highest common divisor of 100 and t.
4
Let d(t) = 68*t**2 + 9*t - 19. Let c(v) = 68*v**2 + 8*v - 20. Let o(i) = 3*c(i) - 2*d(i). Let n be o(3). Calculate the highest common factor of 38 and n.
38
Let z(m) = -m**3 - 29*m**2 + 103*m + 3724. Let a be z(-29). What is the highest common divisor of a and 1139?
67
Let i be (6 - (-1 + 2)) + 59/(8909/20989). Suppose -5*x + 318 = 18. What is the greatest common divisor of x and i?
12
Let r = -1479 + 1499. What is the highest common divisor of 16 and r?
4
Let j be (-687)/6 - 3/6. Let r = 141 + j. What is the highest common factor of 2 and r?
2
Let s be ((-50)/75)/((-2)/(-3))*-703. Suppose 0 = -2*h + 5*a + 265, -5*h + 3*a - 4*a + s = 0. What is the highest common divisor of h and 175?
35
Let q be -4 + 4 + -4 + 121. What is the highest common divisor of 54 and q?
9
Suppose -2*w + 872 = -448. Suppose -4*s = -6*s + w. Calculate the greatest common factor of 55 and s.
55
Let g(z) = -2*z. Suppose -5*a - 5*s - 11 = -3*a, s = 4*a + 11. Let k be g(a). Let f be (-3)/k + (-2)/((-12)/57). What is the highest common divisor of f and 81?
9
Suppose 50425 - 13359 = 29*s - 80297. What is the greatest common divisor of 228 and s?
57
Suppose -3*n + 2*n + 72 = 0. Suppose n*o = 66*o + 12. What is the highest common divisor of o and 2?
2
Let d = 8 - 51. Let y = 23 + d. Let w be y - -64 - (0 - 0). Calculate the highest common divisor of 66 and w.
22
Let m(b) = 3*b - 48. Let i be m(21). Let s = i + -13. Suppose 0 = s*x + 2*h - 28, -5*x + 113 - 35 = -3*h. Calculate the highest common factor of x and 30.
15
Suppose 295*x + 52731 = 316*x. What is the highest common divisor of x and 31?
31
Let y(o) = 31*o - 3. Let j be y(2). Let w be (-1 - j) + ((-12)/4 - 1). Let q be (4/(-16))/(4/w). What is the highest common factor of q and 52?
4
Let l(i) = i**2 + 2*i - 5. Let d be l(-5). Suppose -d*x = -11*x. Suppose 2*q - 6 = x, -q + 10 = 3*b - 11. Calculate the greatest common divisor of b and 24.
6
Suppose 3*n + 65 = 29. Let y be (-7)/((-28)/n) + 7. Suppose 2*l = y*m - 2*m - 36, -16 = -4*l. What is the highest common divisor of m and 11?
11
Suppose 2553 = 7*b - 1822 - 784. Calculate the highest common fact